o base 3
-101112002
Convert 25a (base 15) to base 10.
535
-2122021 (base 3) to base 11
-149a
What is 8640 (base 11) in base 2?
10110010011010
-110111010 (base 2) to base 16
-1ba
122532 (base 6) to base 3
120002102
-46 (base 14) to base 4
-332
-12252 (base 6) to base 11
-1416
Convert -1164 (base 9) to base 13.
-51a
Convert -54b (base 16) to base 4.
-111023
1496 (base 14) to base 11
2828
-173 (base 10) to base 8
-255
What is -210200 (base 5) in base 14?
-2749
What is 373b (base 13) in base 12?
4640
-ca9 (base 14) to base 2
-100111000101
Convert 47b0 (base 13) to base 3.
111212121
What is 20b35 (base 12) in base 13?
16802
Convert 191 (base 11) to base 3.
22012
Convert 5128 (base 9) to base 6.
25212
What is 10110100011100 (base 2) in base 11?
8749
21200 (base 3) to base 10
207
What is -3cc2 (base 14) in base 8?
-25002
Convert 10011100110 (base 2) to base 15.
589
Convert -4500 (base 7) to base 15.
-72c
Convert -13102021 (base 4) to base 5.
-1423313
Convert 30543 (base 6) to base 16.
fff
Convert -5a1 (base 16) to base 14.
-74d
477 (base 11) to base 13
349
What is -24637 (base 9) in base 15?
-4d8d
Convert 21001 (base 4) to base 7.
1453
Convert -257 (base 9) to base 14.
-114
-12023 (base 4) to base 2
-110001011
What is 1c32 (base 15) in base 5?
143442
Convert -c9d (base 15) to base 9.
-3814
What is 451 (base 16) in base 12?
781
105516 (base 8) to base 12
1877a
1420 (base 10) to base 2
10110001100
What is 1236 (base 11) in base 5?
22422
23453 (base 7) to base 6
44025
Convert 2212 (base 7) to base 2.
1100011001
-a74 (base 14) to base 12
-123a
3344121 (base 5) to base 13
20ca6
Convert 585 (base 9) to base 8.
742
Convert 598 (base 15) to base 7.
3461
Convert -13029 (base 14) to base 11.
-32091
Convert -123 (base 6) to base 3.
-1220
What is 1b (base 12) in base 13?
1a
Convert 127c (base 16) to base 12.
28a4
What is 5556 (base 7) in base 16?
7d1
What is -11001000011 (base 2) in base 5?
-22403
Convert -35130 (base 6) to base 15.
-174c
16456 (base 7) to base 15
15d1
20067 (base 10) to base 15
5e2c
1110010010 (base 2) to base 4
32102
What is -20230 (base 4) in base 3?
-202121
What is 65808 (base 9) in base 8?
125223
Convert -6255 (base 10) to base 14.
-23cb
What is a1b9 (base 13) in base 8?
53423
-24d (base 16) to base 7
-1501
Convert -50 (base 6) to base 10.
-30
What is -6478 (base 9) in base 7?
-16622
Convert -3309 (base 14) to base 15.
-2939
1773 (base 9) to base 5
20422
What is -101101011100100 (base 2) in base 13?
-a78b
What is 413 (base 10) in base 6?
1525
Convert -284 (base 13) to base 4.
-12332
-b79 (base 13) to base 7
-5466
Convert -101111 (base 5) to base 3.
-11111112
What is 1255 (base 10) in base 6?
5451
Convert -1114 (base 7) to base 15.
-1bd
What is 32155 (base 6) in base 12?
265b
-2456 (base 8) to base 13
-7b0
What is -504 (base 6) in base 10?
-184
What is -600c (base 15) in base 3?
-1000210110
What is b53 (base 14) in base 4?
202311
What is -10513 (base 8) in base 9?
-6058
13508 (base 9) to base 2
10001111001001
300 (base 8) to base 9
233
10054 (base 6) to base 10
1330
2022001 (base 3) to base 16
68b
What is -76 (base 11) in base 4?
-1103
What is 6119 (base 10) in base 5?
143434
Convert -784 (base 12) to base 8.
-2124
1 (base 12) to base 5
1
472 (base 8) to base 2
100111010
What is 111010011100 (base 2) in base 11?
28a0
Convert 25255 (base 6) to base 8.
7303
What is 2305 (base 7) in base 16?
346
c0 (base 16) to base 10
192
Convert -4133 (base 15) to base 14.
-503b
What is -2987 (base 11) in base 8?
-7406
What is -212 (base 14) in base 3?
-120010
Convert -717 (base 15) to base 11.
-1222
Convert -5a2 (base 12) to base 6.
-3522
366a (base 16) to base 9
21087
What is -111110011100 (base 2) in base 10?
-3996
What is 402 (base 11) in base 14?
26a
What is 11000002 (base 4) in base 14?
7670
What is -4146 (base 10) in base 4?
-1000302
1100010000 (base 2) to base 15
374
Convert -1322 (base 4) to base 9.
-145
Convert 65 (base 7) to base 11.
43
What is 11164 (base 7) in base 8?
5427
What is -21330 (base 4) in base 8?
-1174
What is -1011001 (base 3) in base 10?
-838
Convert 4763 (base 9) to base 16.
dd4
What is -1010022 (base 3) in base 15?
-398
Convert -102110 (base 3) to base 5.
-2214
10124 (base 5) to base 9
817
-14801 (base 13) to base 8
-113456
What is 112100 (base 3) in base 2?
110000011
Convert -603 (base 9) to base 8.
-751
-4c43 (base 13) to base 14
-3d67
-110012 (base 3) to base 2
-101001001
Convert 12222102 (base 3) to base 13.
1ca3
What is 267 (base 9) in base 12?
167
What is -1554 (base 13) in base 9?
-4236
Convert 11496 (base 10) to base 2.
10110011101000
What is -11110001010011 (base 2) in base 6?
-155255
What is 46716 (base 8) in base 5?
1114133
3c2 (base 13) to base 8
1231
What is -1a55 (base 16) in base 2?
-1101001010101
-805 (base 16) to base 7
-5662
-36b (base 14) to base 3
-221022
Convert 1e3 (base 16) to base 6.
2123
-5546 (base 10) to base 11
-4192
Convert -25852 (base 9) to base 12.
-a132
Convert -143c (base 13) to base 9.
-4008
What is -27b7b (base 12) in base 9?
-83705
-32303 (base 4) to base 16
-3b3
-5402 (base 7) to base 15
-878
-1011231 (base 4) to base 6
-32353
2051 (base 7) to base 2
1011010010
What is 210310 (base 4) in base 15?
a71
What is -3885 (base 12) in base 5?
-201222
What is -102202 (base 3) in base 9?
-382
What is 353 (base 10) in base 9?
432
What is -16412 (base 8) in base 14?
-29d0
1397 (base 10) to base 9
1822
What is 100115 (base 6) in base 5?
222243
Convert -1094 (base 14) to base 10.
-2874
What is -143341 (base 7) in base 5?
-1340431
Convert 1aa (base 11) to base 5.
1431
1393 (base 14) to base 5
102321
What is -3325 (base 6) in base 14?
-3d3
What is 280 (base 15) in base 9?
703
11112101 (base 3) to base 13
1672
What is -2010110 (base 3) in base 8?
-3017
Convert 632 (base 14) to base 4.
103010
Convert -221100 (base 4) to base 15.
-bb0
Convert -10001112 (base 3) to base 5.
-32403
What is 1020 (base 4) in base 5?
242
-15020 (base 8) to base 6
-50520
What is 55a (base 16) in base 13?
815
-1467 (base 15) to base 10
-4372
Convert -1112 (base 11) to base 16.
-5b9
What is -120 (base 3) in base 7?
-21
Convert -3d2e (base 16) to base 10.
-15662
What is -3031310 (base 4) in base 8?
-31564
-62 (base 11) to base 5
-233
-1378 (base 9) to base 13
-623
Convert 10110000111000 (base 2) to base 13.
51ca
What is baa (base 12) in base 10?
1714
5c3 (base 16) to base 7
4205
-5057 (base 9) to base 6
-25041
12f6 (base 16) to base 2
1001011110110
5849 (base 10) to base 9
8018
Convert -11b (base 12) to base 13.
-cb
What is -100102 (base 3) in base 6?
-1102
Convert -10110001111100 (base 2) to base 6.
-124420
What is 432525 (base 6) in base 2?
1000101100100101
-2766 (base 8) to base 3
-2002112
Convert 5053 (base 6) to base 11.
922
What is -c0 (base 13) in base 7?
-312
Convert -75233 (base 9) to base 6.
-1022220
Convert 6a0 (base 12) to base 4.
33120
Convert -24133 (base 8) to base 7.
-42056
What is -81122 (base 10) in base 6?
-1423322
1000011110000 (base 2) to base 12
2614
Convert -5cb (base 13) to base 12.
-704
What is 239 (base 12) in base 9?
410
Convert -1ad0 (base 15) to base 10.
-5820
-7f0 (base 16) to base 4
-133300
What is 1123 (base 5) in base 9?
201
Convert -4030 (base 6) to base 3.
-1012200
Convert -213 (base 10) to base 11.
-184
Convert -10200210 (base 3) to base 15.
-be9
-10111200 (base 3) to base 5
-40211
Convert -ac4 (base 15) to base 16.
-982
What is 497 (base 12) in base 6?
3111
2425 (base 6) to base 11
49a
What is 3022412 (base 5) in base 15?
e572
Convert 331 (base 6) to base 14.
91
What is -1462 (base 8) in base 14?
-426
Convert 114c0 (base 16) to base 15.
15ed3
What is 20022112 (base 4) in base 6?
414434
3981 (base 11) to base 9
7075
Convert 40631 (base 8) to base 4.
10012121
Convert -10000000010 (base 2) to base 8.
-2002
400 (base 16) to base 12
714
Convert -273 (base 10) to base 13.
-180
What is 1288 (base 14) in base 4?
302320
Convert 935b (base 13) to base 4.
10332010
-10011000001100 (base 2) to base 9
-14322
Convert -1410 (base 8) to base 3.
-1001202
Convert 1cb (base 16) to base 5.
3314
407 (base 11) to base 8
753
Convert -5130 (base 7) to base 12.
-1049
Convert -b4a (base 12) to base 4.
-121222
Convert 85c2 (base 16) to base 7.
201555
-22110 (base 3) to base 6
-1020
Convert 1535 (base 9) to base 2.
10010001110